{"id":17296,"date":"2021-02-17T14:14:52","date_gmt":"2021-02-17T13:14:52","guid":{"rendered":"https:\/\/www.sublimen.com\/store\/?post_type=product&#038;p=17296"},"modified":"2026-02-12T12:23:56","modified_gmt":"2026-02-12T11:23:56","slug":"gray-noise-rumore-grigio-at023","status":"publish","type":"product","link":"https:\/\/www.sublimen.com\/store\/art\/gray-noise-rumore-grigio-at023\/","title":{"rendered":"GRAY Noise Rumore Grigio &#8211; AT023 &#8211; MP3"},"content":{"rendered":"<p><strong>GRAY Noise Rumore Grigio &#8211; AT023<\/strong><\/p>\n<p>Codice art.: AT023<\/p>\n<div>\n<div>Brano audio con gray noise (rumore grigio) puro in stereofonia.<\/div>\n<div>\u00a0<\/div>\n<\/div>\n<div>\n<div class=\"rvps0\">Il rumore grigio \u00e8 un particolare tipo di rumore caratterizzato dall&#8217;assenza di periodicit\u00e0 nel tempo, \u00e8 quindi un rumore casuale sottoposto ad una curva di filtraggio dell&#8217;ampiezza pari alla sensibilit\u00e0 psicoacustica (curve isofoniche) per tutto lo spettro di frequenze, dando all\u2019ascoltatore la percezione di pari livello sonoro per tutte le frequenze.<\/div>\n<\/div>\n<div>\n<div>\u00a0<\/div>\n<div>Il brano contiene sonorit\u00e0 di gray noise puro in alta qualit\u00e0 stereofonica a -6dB TruePeak e -14dB LUFS.\u00a0<\/div>\n<div>\u00a0<\/div>\n<div>Adatto per trattamento Acufeni e Tinnitus, TRT e problematiche dell&#8217;apparato uditivo, mascheramento e misurazioni psicoacustiche varie.<\/div>\n<\/div>\n<div>\u00a0<\/div>\n<div>\u00bb <a href=\"https:\/\/www.amadeux.net\/sublimen\/dossier\/noise_ed_effetti.html\" target=\"_blank\" rel=\"noopener\">Specifiche e approfondimenti sui Noise<\/a><\/div>\n<div>\u00a0<\/div>\n<div>Durata: 21:00 minuti.<\/div>\n<div>\u00a0<\/div>\n<p>Formato: MP3 con codifica VBR alla massima qualit\u00e0.<\/p>\n<p>Demo traccia:<\/p>\n<audio class=\"wp-audio-shortcode\" id=\"audio-17296-1\" preload=\"none\" style=\"width: 100%;\" controls=\"controls\"><source type=\"audio\/mpeg\" src=\"https:\/\/www.amadeux.it\/public\/Podcast\/Sublimen_demo\/AT023-gray%20noise%20rumore%20grigio-demo.mp3?_=1\" \/><a href=\"https:\/\/www.amadeux.it\/public\/Podcast\/Sublimen_demo\/AT023-gray%20noise%20rumore%20grigio-demo.mp3\" target=\"_blank\" rel=\"noopener\">https:\/\/www.amadeux.it\/public\/Podcast\/Sublimen_demo\/AT023-gray%20noise%20rumore%20grigio-demo.mp3<\/a><\/audio>\n","protected":false},"excerpt":{"rendered":"<div>\n<div>Brano audio con gray noise (rumore grigio) puro stereo.<\/div>\n<div>Adatto per trattamento Acufeni e Tinnitus, TRT e problematiche dell&#8217;apparato uditivo, mascheramento e misurazioni psicoacustiche.<\/div>\n<\/div>\n<div>\u00a0<\/div>\n<div><strong>Formato: MP3 <\/strong>in download<\/div>\n<div>\u00a0<\/div>\n","protected":false},"featured_media":17727,"template":"","meta":{"_lmt_disableupdate":"","_lmt_disable":""},"product_brand":[],"product_cat":[17],"product_tag":[48,40,170,41,50,51],"class_list":{"0":"post-17296","1":"product","2":"type-product","3":"status-publish","4":"has-post-thumbnail","6":"product_cat-audio-tools","7":"product_tag-acufeni","8":"product_tag-asmr","9":"product_tag-noise","10":"product_tag-relax","11":"product_tag-tinnitus","12":"product_tag-trt","14":"first","15":"instock","16":"sale","17":"downloadable","18":"virtual","19":"sold-individually","20":"purchasable","21":"product-type-simple"},"_links":{"self":[{"href":"https:\/\/www.sublimen.com\/store\/wp-json\/wp\/v2\/product\/17296","targetHints":{"allow":["GET"]}}],"collection":[{"href":"https:\/\/www.sublimen.com\/store\/wp-json\/wp\/v2\/product"}],"about":[{"href":"https:\/\/www.sublimen.com\/store\/wp-json\/wp\/v2\/types\/product"}],"wp:featuredmedia":[{"embeddable":true,"href":"https:\/\/www.sublimen.com\/store\/wp-json\/wp\/v2\/media\/17727"}],"wp:attachment":[{"href":"https:\/\/www.sublimen.com\/store\/wp-json\/wp\/v2\/media?parent=17296"}],"wp:term":[{"taxonomy":"product_brand","embeddable":true,"href":"https:\/\/www.sublimen.com\/store\/wp-json\/wp\/v2\/product_brand?post=17296"},{"taxonomy":"product_cat","embeddable":true,"href":"https:\/\/www.sublimen.com\/store\/wp-json\/wp\/v2\/product_cat?post=17296"},{"taxonomy":"product_tag","embeddable":true,"href":"https:\/\/www.sublimen.com\/store\/wp-json\/wp\/v2\/product_tag?post=17296"}],"curies":[{"name":"wp","href":"https:\/\/api.w.org\/{rel}","templated":true}]}}