{"id":179,"date":"2013-09-16T15:47:20","date_gmt":"2013-09-16T14:47:20","guid":{"rendered":"https:\/\/www.sublimen.com\/blog\/homepage-example\/"},"modified":"2026-04-06T10:52:32","modified_gmt":"2026-04-06T08:52:32","slug":"home","status":"publish","type":"page","link":"https:\/\/www.sublimen.com\/store\/","title":{"rendered":"MetaMusica Store AudioTerapia e Psico Neuro Acustica olistica"},"content":{"rendered":"<h1 style=\"text-align: center;\"><span style=\"font-size: 40px; color: #000080;\"><strong>MetaMusica <\/strong>per il <strong>BenEssere<\/strong><\/span><\/h1>\n<h2 style=\"text-align: center;\"><span style=\"font-size: 24px;\"><strong>AudioTerapia<\/strong>\u00a0e Psico Neuro Acustica olistica<\/span><\/h2>\n<div style=\"text-align: center;\"><span style=\"font-size: 16px;\">Potere ed uso della <strong>vibrazione<\/strong> e dell&#8217;<strong>induzione sonora<\/strong> subliminale benefica<\/span><\/div>\n<div>\u00a0<\/div>\n<hr style=\"height: 2px; width: 30%; background-color: #ffcc00;\" \/>\n<div>\u00a0<\/div>\n<div style=\"text-align: center;\"><span style=\"font-size: 24px;\"><a href=\"\/store\/catalogo\/\"><strong>Catalogo<\/strong><\/a> prodotti by <strong><a href=\"https:\/\/sublimen.com\" target=\"_blank\" rel=\"noopener noreferrer\">SubLimen.com<\/a><\/strong> &amp; <a href=\"https:\/\/www.marcostefanelli.com\/\" target=\"_blank\" rel=\"noopener\">Marco Stefanelli, Ph.D.<\/a><\/span><\/div>\n<div>\n<p>&nbsp;<\/p>\n<p style=\"text-align: center;\"><span style=\"font-size: 16px;\">Il <a href=\"\/store\/catalogo\/\"><strong>Catalogo online<\/strong><\/a> comprende solo alcuni prodotti di <a href=\"\/store\/catalogo\/\"><strong>uso generico<\/strong><\/a> e sperimentali poich\u00e9 la nostra principale attivit\u00e0 \u00e8 quella di sperimentazione e ricerca con conseguente naturale inclinazione alla personalizzazione degli elementi e dei contenuti sonori e induttivi in base alle esigenze peculiari e soggettive degli utilizzatori.<\/span><\/p>\n<p style=\"text-align: center;\"><span style=\"font-size: 16px;\">Per <a href=\"https:\/\/www.audioterapia.net\/sublimen\/info\/info-ordini\/\" target=\"_blank\" rel=\"noopener\"><strong>richiedere elementi personalizzati<\/strong><\/a> o particolari utilizzate le informazioni presenti in <strong><a href=\"https:\/\/www.audioterapia.net\/sublimen\/info\/info-ordini\/\" target=\"_blank\" rel=\"noopener noreferrer\">questa pagina<\/a><\/strong>.<\/span><\/p>\n<div>\u00a0<\/div>\n<p style=\"text-align: center;\"><a href=\"https:\/\/www.sublimen.com\/store\/catalogo\/\" id=\"kadbtn12\" target=\"_self\" class=\"kad-btn btn-shortcode kad-btn-primary lg-kad-btn \" style=\" border: 3px solid; border-color:#fff9ed;  color:#ffffff;\" onMouseOver=\"this.style.color=&#039;#ffffff&#039;\" onMouseOut=\"this.style.color=&#039;#ffffff&#039;\">CATALOGO Generale <\/a>\n<div style=\"text-align: center;\"><a href=\"https:\/\/www.sublimen.com\/store\/tag\/offerte\/\" id=\"kadbtn28\" target=\"_self\" class=\"kad-btn btn-shortcode kad-btn-primary lg-kad-btn \" style=\" border: 3px solid; border-color:#fff9ed;  color:#ffffff;\" onMouseOver=\"this.style.color=&#039;#ffffff&#039;\" onMouseOut=\"this.style.color=&#039;#ffffff&#039;\">OFFERTE <\/a> <a href=\".\/cat\/audio-frattali\/\" id=\"kadbtn36\" target=\"_self\" class=\"kad-btn btn-shortcode kad-btn-primary lg-kad-btn \" style=\" border: 3px solid; border-color:#fff9ed;  color:#ffffff;\" onMouseOver=\"this.style.color=&#039;#ffffff&#039;\" onMouseOut=\"this.style.color=&#039;#ffffff&#039;\">FRATTALI <\/a> <a href=\".\/cat\/audio-induzioni-bwe\/\" id=\"kadbtn86\" target=\"_self\" class=\"kad-btn btn-shortcode kad-btn-primary lg-kad-btn \" style=\" border: 3px solid; border-color:#fff9ed;  color:#ffffff;\" onMouseOver=\"this.style.color=&#039;#ffffff&#039;\" onMouseOut=\"this.style.color=&#039;#ffffff&#039;\">Induzioni BWE <\/a> <a href=\".\/cat\/audio-natura\/\" id=\"kadbtn94\" target=\"_self\" class=\"kad-btn btn-shortcode kad-btn-primary lg-kad-btn \" style=\" border: 3px solid; border-color:#fff9ed;  color:#ffffff;\" onMouseOver=\"this.style.color=&#039;#ffffff&#039;\" onMouseOut=\"this.style.color=&#039;#ffffff&#039;\">NATURA <\/a> <a href=\".\/cat\/audio-submozart\/\" id=\"kadbtn90\" target=\"_self\" class=\"kad-btn btn-shortcode kad-btn-primary lg-kad-btn \" style=\" border: 3px solid; border-color:#fff9ed;  color:#ffffff;\" onMouseOver=\"this.style.color=&#039;#ffffff&#039;\" onMouseOut=\"this.style.color=&#039;#ffffff&#039;\">SubMOZART <\/a> <a href=\".\/cat\/audio-tools\/\" id=\"kadbtn11\" target=\"_self\" class=\"kad-btn btn-shortcode kad-btn-primary lg-kad-btn \" style=\" border: 3px solid; border-color:#fff9ed;  color:#ffffff;\" onMouseOver=\"this.style.color=&#039;#ffffff&#039;\" onMouseOut=\"this.style.color=&#039;#ffffff&#039;\">AudioTOOLS <\/a> <a href=\".\/cat\/libri-e-manuali\/\" id=\"kadbtn42\" target=\"_self\" class=\"kad-btn btn-shortcode kad-btn-primary lg-kad-btn \" style=\" border: 3px solid; border-color:#fff9ed;  color:#ffffff;\" onMouseOver=\"this.style.color=&#039;#ffffff&#039;\" onMouseOut=\"this.style.color=&#039;#ffffff&#039;\">LIBRI e Manuali <\/a><\/div>\n<div>\u00a0<\/div>\n<\/div>\n<hr style=\"height: 2px; width: 30%; background-color: #ffcc00;\" \/>\n<div>\u00a0<\/div>\n<div style=\"text-align: center;\"><span style=\"font-size: 20px;\"><strong><a href=\".\/informazioni\/\" rel=\"noopener noreferrer\">[ INFOrmazioni Generali ]<\/a><\/strong><\/span><\/div>\n<div>\u00a0<\/div>\n<div><a href=\"https:\/\/www.sublimen.com\/\" target=\"_blank\" rel=\"noopener\"><strong>SubLimen.com<\/strong><\/a> \u00e8 un progetto multidisciplinare integrato con <strong><a href=\"https:\/\/www.audioterapia.net\/sublimen\/\" target=\"_blank\" rel=\"noopener\">sito web<\/a><\/strong> e vari servizi dedicati alla <strong>ricerca\u00a0<\/strong>e alla\u00a0<strong>sperimentazione<\/strong> in ambito sonoro e psicoacustico olistico, audioterapeutico evolutivo e metamusicale benefico. In questo sito ci occupiamo, prevalentemente, delle moderne tecniche e tecnologie soniche e audioterapiche, integrate alle pi\u00f9 avanzate ed efficaci\u00a0<strong>metodologie induttive<\/strong> ed in sinergia con la psiconeuroacustica pi\u00f9 avanzata e con le ancestrali conoscenze vediche ed esoteriche in materia.<\/div>\n<div>\u00a0<\/div>\n<div><strong>Progettiamo<\/strong> e <strong>produciamo<\/strong> contenuti sonori e induttivi <strong>generici<\/strong> e\u00a0<strong>personalizzati\u00a0<\/strong>in base alle esigenze peculiari e soggettive degli utilizzatori e dei professionisti del settore.<\/div>\n<div>\u00a0<\/div>\n<div><span class=\"rvts168\">Utilizziamo le\u00a0<\/span><span class=\"rvts168\"><b>migliori tecnologie<\/b><\/span><span class=\"rvts168\">\u00a0e tecniche di produzione audio allo stato dell\u2019arte e facciamo\u00a0<\/span><span class=\"rvts168\"><b>continua ricerca e sperimentazione<\/b><\/span><span class=\"rvts168\">\u00a0per stabilire quali siano le sonorit\u00e0 e le tecniche di induzione pi\u00f9\u00a0<\/span><span class=\"rvts168\"><b>performanti ed efficaci<\/b><\/span><span class=\"rvts168\">\u00a0nel momento in cui realizziamo un progetto sonoro generico o personalizzato.<\/span><\/div>\n<div>\u00a0<\/div>\n<div><a href=\"https:\/\/www.sublimen.com\/store\/wp-content\/uploads\/Best-Audio-Tech.jpg\"><img decoding=\"async\" class=\"aligncenter wp-image-16271 \" src=\"https:\/\/www.sublimen.com\/store\/wp-content\/uploads\/Best-Audio-Tech.jpg\" alt=\"\" width=\"640\" title=\"\" srcset=\"https:\/\/www.sublimen.com\/store\/wp-content\/uploads\/Best-Audio-Tech.jpg 960w, https:\/\/www.sublimen.com\/store\/wp-content\/uploads\/Best-Audio-Tech-300x109.jpg 300w, https:\/\/www.sublimen.com\/store\/wp-content\/uploads\/Best-Audio-Tech-600x219.jpg 600w, https:\/\/www.sublimen.com\/store\/wp-content\/uploads\/Best-Audio-Tech-768x280.jpg 768w\" sizes=\"(max-width: 960px) 100vw, 960px\" \/><\/a><\/div>\n<div>\u00a0<\/div>\n<div>L&#8217;<strong>obiettivo<\/strong>\u00a0non \u00e8 solo quello di alleviare e\u00a0<strong>curare\u00a0<\/strong>disturbi, disagi e patologie, ma anche quello di stimolare e sviluppare le facolt\u00e0 superiori latenti e di conseguenza espandere ed\u00a0<strong>elevare\u00a0<\/strong>la coscienza per trasformarla da uno stadio ordinario ad uno stadio pi\u00f9 evoluto di consapevolezza denominato &#8220;<strong>supercoscienza<\/strong>&#8221; o inconscio superiore.<\/div>\n<div>\u00a0<\/div>\n<div>Per\u00a0<strong>Audioterapia<\/strong> intendiamo quella disciplina olistica che utilizza un qualsiasi tipo di sonorit\u00e0 del campo audio grossolano, sottile e causale (suoni, rumori, noise, musica, metamusica, voce, strumenti musicali, vibrazioni ecc.) e un qualsiasi tipo di struttura sonora (convenzionale, naturale, frattale, metafisica ecc.) per scopi terapeutici ed evolutivi: il ristabilimento, il mantenimento e il miglioramento della salute mentale, fisica, energetica e spirituale. In pratica l&#8217;audioterapia comprende tutte le tecniche e le discipline che utilizzano il suono per scopi benefici tra cui la musicoterapia, la suonoterapia e la fonoterapia. Anche l&#8217;audioterapia, cos\u00ec come la musicoterapia e la suonoterapia, pu\u00f2 essere attiva o passiva; attiva quando l&#8217;utilizzatore partecipa attivamente alla generazione delle sonorit\u00e0 con gli organi di azione, passiva quando l&#8217;utilizzatore si limita ad ascoltare con gli organi di senso.<\/div>\n","protected":false},"excerpt":{"rendered":"<p>MetaMusica per il BenEssere AudioTerapia\u00a0e Psico Neuro Acustica olistica Potere ed uso della vibrazione e dell&#8217;induzione sonora subliminale benefica \u00a0 \u00a0 Catalogo prodotti by SubLimen.com &amp; Marco Stefanelli, Ph.D. &nbsp; Il Catalogo online comprende solo alcuni prodotti di uso generico e sperimentali poich\u00e9 la nostra principale attivit\u00e0 \u00e8 quella di sperimentazione e ricerca con conseguente naturale inclinazione alla personalizzazione degli elementi e dei contenuti sonori e induttivi in base alle esigenze peculiari e soggettive degli utilizzatori. Per richiedere elementi personalizzati &hellip; <a class=\"kt-excerpt-readmore\" href=\"https:\/\/www.sublimen.com\/store\/\" aria-label=\"MetaMusica Store AudioTerapia e Psico Neuro Acustica olistica\">Continua a leggere<\/a><\/p>\n","protected":false},"author":1,"featured_media":0,"parent":0,"menu_order":0,"comment_status":"closed","ping_status":"closed","template":"","meta":{"_lmt_disableupdate":"no","_lmt_disable":"","footnotes":""},"class_list":["post-179","page","type-page","status-publish","hentry"],"_links":{"self":[{"href":"https:\/\/www.sublimen.com\/store\/wp-json\/wp\/v2\/pages\/179","targetHints":{"allow":["GET"]}}],"collection":[{"href":"https:\/\/www.sublimen.com\/store\/wp-json\/wp\/v2\/pages"}],"about":[{"href":"https:\/\/www.sublimen.com\/store\/wp-json\/wp\/v2\/types\/page"}],"author":[{"embeddable":true,"href":"https:\/\/www.sublimen.com\/store\/wp-json\/wp\/v2\/users\/1"}],"replies":[{"embeddable":true,"href":"https:\/\/www.sublimen.com\/store\/wp-json\/wp\/v2\/comments?post=179"}],"version-history":[{"count":7,"href":"https:\/\/www.sublimen.com\/store\/wp-json\/wp\/v2\/pages\/179\/revisions"}],"predecessor-version":[{"id":18355,"href":"https:\/\/www.sublimen.com\/store\/wp-json\/wp\/v2\/pages\/179\/revisions\/18355"}],"wp:attachment":[{"href":"https:\/\/www.sublimen.com\/store\/wp-json\/wp\/v2\/media?parent=179"}],"curies":[{"name":"wp","href":"https:\/\/api.w.org\/{rel}","templated":true}]}}